1
Suppose x - 11 = 5*n - 1, 0 = -4*n - x + 1. Let u = n + 70. Suppose 2*q - 130 = 4*z, -3*q + 4*q - u = -2*z. What is the units digit of q?
7
Let r = 47595 + -31003. What is the hundreds digit of r?
5
What is the units digit of (13719/(-4))/(102/(-1224)) - (-12)/3?
1
Let j = 931 + -945. Let f(o) = -18*o - 98. What is the units digit of f(j)?
4
Let v(h) = 321*h - 20. What is the tens digit of v(90)?
7
Let o(a) = 12*a**3 + 4*a**2 - a - 4. Let m = 69 - 72. Let k be o(m). Let s = 445 + k. What is the hundreds digit of s?
1
Let i(s) = s**2 + 7*s - 16. Let t be i(-9). Suppose -3*k + 25 = -5*n, -3*n - 17 + t = 4*k. Suppose -m + 105 - 33 = k. What is the tens digit of m?
7
Let k be 24/(-6)*-1*3. Suppose 6*a - 2*a = -k, -5*p = 5*a - 915. Let m = 315 - p. What is the tens digit of m?
2
Let y(q) = 3*q**2 - q. Let k be y(-1). Suppose 2*u = k*g - u - 16, 27 = g + 5*u. What is the units digit of g?
7
Let s(f) = -48*f + 14. Suppose -31 - 64 = 19*t. Let p be s(t). Let k = p + -150. What is the hundreds digit of k?
1
Let b be ((-44)/(-10))/(5/725). Suppose b - 4158 = -8*x. What is the hundreds digit of x?
4
Suppose -140 + 15 = -a. Let q be -9*(-8)/8*-3*1. Let x = q + a. What is the units digit of x?
8
Suppose 8*r - 8*r = 3*r - 30552. What is the thousands digit of r?
0
Suppose 3837492 = 207*p + 19*p + 42*p. What is the hundreds digit of p?
3
Let o be (430/301)/(2/14). Suppose 5*i - 5*t - 5130 = 0, -6*t = -4*i - o*t + 4112. What is the units digit of i?
7
Suppose -18*d = 7731 - 729. Let m = d - -828. What is the hundreds digit of m?
4
Suppose 15*q = 21*q + 54. Let u = 49 + q. What is the tens digit of u?
4
Let l(a) = -a**3 - 6*a**2 + 9*a + 16. Let v be l(-7). Let k be 2/(v + (-12)/9) + 89. What is the units digit of ((-2 - 0) + k)*(-8)/(-20)?
6
Let u = 25024 + -14074. What is the hundreds digit of u?
9
What is the units digit of (78/(-195) - (-1286)/15)/(2/324)?
4
Let z(r) be the first derivative of -r**4/4 - 4*r**3 - 7*r**2/2 + r + 12. Let m be z(-12). Suppose 0 = -4*v + 3*v + m. What is the units digit of v?
5
Let r = 435 + -436. What is the units digit of r*(-1 - -2) + 549?
8
Suppose -11*x = -8*x - 23*x + 53140. What is the thousands digit of x?
2
Let o(t) be the third derivative of t**5/60 - t**4/4 + 14*t**3/3 - 15*t**2 - 2. What is the units digit of o(15)?
3
Suppose 2*j - 11*f + 8*f = 155, -4*j = -f - 305. Suppose 4*h = -h + 505. Suppose 3*p = j + h. What is the units digit of p?
9
Let p(m) be the second derivative of m**5/20 + 5*m**4/4 - m**3/6 - 7*m**2/2 + 7*m. Let g be p(-15). Suppose 3*t - g*t = -230. What is the tens digit of t?
4
Let h = 47592 + -13507. What is the hundreds digit of h?
0
Suppose 0 = -791*b + 794*b + 1245. Let p = 706 + b. What is the hundreds digit of p?
2
Let h(m) = -4*m - 2. Let q be h(-1). Suppose -c - 75 = q*c. What is the tens digit of 10/c - 292/(-5)?
5
Let a(w) = 86*w + 78. Let h be (8/(-5))/(7*(-10)/525). What is the tens digit of a(h)?
1
Let y(a) = a + 44*a**2 + 32*a**2 + 20*a**2. Let g be y(-1). What is the tens digit of 2/4 + g/10?
1
Let i(r) = -6*r**3 - 2. Suppose -9*y + 12 = 48. What is the units digit of i(y)?
2
Let a be 4 + -605*(-1 + 3) + 5. Let s = 2427 + a. What is the hundreds digit of s?
2
Let q be 12 + -18*(-7)/(-14). Suppose -3*c + i = -1430, -c + 2360 = 4*c + q*i. What is the tens digit of c?
7
Let v(x) = x**3 - 2*x**2 - x - 3. Let d be v(3). Suppose -136 = n - d*n. What is the tens digit of n - (-4 + (3 - 2) + 1)?
7
Suppose 0 = 2*v + 14*v - 96. What is the thousands digit of (-5 + v)*-7*-191?
1
Suppose -2 + 6 = 2*f. Suppose 3*t + 9 = n, f*n + n + 5*t = -43. What is the tens digit of (-1 - (6 + n))*-14*1?
1
Let f be (-9)/6*(-7)/(42/16). Suppose -2*u = 2*j - 270, -f*u + 0*u - 2*j = -550. What is the units digit of u?
0
Let t = 14347 + -3936. What is the hundreds digit of t?
4
Let h be (-1)/((-4)/(0 - -20)). Let i be (-1)/(-1) - (-170 - h). Suppose -i = -3*d + 16. What is the tens digit of d?
6
Suppose 12*c = 42726 + 813234. What is the hundreds digit of c?
3
Suppose -4*q + v + 44797 = 5916, -2*q = 4*v - 19418. What is the hundreds digit of q?
7
Suppose 0 = -z - 4, 16 = 5*y - 4*z - 10. What is the units digit of y/4*-19*(-30 - 2)?
4
Let r be (-9)/24 - 976/128. What is the units digit of 932 - (-5 + -5 - r)?
4
What is the units digit of ((-418428)/885)/(3/(-200))?
0
Let d be (-1)/2*((-3 - -9) + -638). Suppose -5*j + b + d = -10, -260 = -4*j + b. What is the tens digit of j?
6
Let s(k) = -3*k**3 - 79*k**2 - 25*k + 30. Let p be s(-27). Suppose -222*r + 225*r - p = 0. What is the units digit of r?
1
Let b be 0 + 1/(-1) + -24. Let n(c) = 2*c**2 + 50*c + 33. What is the tens digit of n(b)?
3
Let l(k) = 2*k**3 - 11*k**2 + 19*k + 3. Let u be l(6). Suppose -n + u = 5*y + 2*n, 0 = 3*y + 2*n - 92. What is the tens digit of y/(2/7 + (-15)/(-21))?
3
Let t(z) = -z**2 - 10*z - 8. Let r be t(-7). Suppose 0 = 5*g + 4*k - 170, -r*g = -10*g + k - 95. What is the tens digit of g?
3
Let b(x) = -x**3 - 6*x**2 - 21*x - 25. Let o be b(-15). Suppose 0 = 3*m + 2*w - 6*w - 1378, -5*m + o = -3*w. What is the hundreds digit of m?
4
Let v = 11550 - 4739. What is the thousands digit of v?
6
What is the tens digit of ((-631)/(-5))/(77/5775)?
6
Let a = 24378 + 644. What is the thousands digit of a?
5
Suppose 265*m = -127*m + 24*m + 4187840. What is the thousands digit of m?
1
Let h = 117 - 214. Let w = h + 99. What is the units digit of 1/(w/(-6))*(-12452)/132?
3
Let l = -94 + 162. Let a = l + -4. Let v = a + 36. What is the units digit of v?
0
Let v(u) = u**3 + 27*u**2 + 46*u - 34. Let r be v(-25). Suppose 563 = 3*d + 2*x, d - 257 + r = x. What is the tens digit of d?
8
Let r(w) = 49*w**2 - 2*w + 12858. What is the units digit of r(0)?
8
Suppose 12*j + 1392 = -2208. Let g = j - -1014. What is the tens digit of g?
1
What is the hundreds digit of 1 - (-11 - 1 - 8781)?
7
What is the units digit of (-9)/(6/(-21) + 6 + 46505/(-8120))?
6
Suppose 32143 - 6843 = 22*v. Suppose -32*d + 30*d = 4*t - 4654, -v = -t - 5*d. What is the units digit of t?
5
Let h be 6/(2*6/(-8)) - -2. Let r be (28 - 22)*109/h. What is the tens digit of r/(-4) + (-3)/(-12)?
8
Suppose 7462 = 12*i + 2818. Suppose 2*l + 3*g = 781, -l + 4*g - 13 = -i. What is the units digit of l?
6
What is the tens digit of ((-60)/(-25))/((40/100)/(914/1))?
8
Let o be 4*8/48 + (-7)/(-3). Let d(b) = -b**2 + 3*b + 4. Let q be d(o). Suppose 2*c - 546 = -q*i, -4*i + 104 = -5*c - 477. What is the units digit of i?
9
Suppose 4*a + 3331 + 4053 = 4*w, 0 = -5*w - 3*a + 9238. What is the tens digit of w?
4
Let q(b) = 10145*b - 19. What is the tens digit of q(1)?
2
What is the tens digit of (269/(-6))/(9483/558 + -17) + 3?
4
Let q(t) = 2*t**3 - 3*t**2 - 2*t - 4. Let j be q(3). Suppose -j*n + 22*n - 35 = 0. Suppose -160 = 3*d - n*d. What is the tens digit of d?
4
Suppose -3*f - 4 + 13 = 0. Suppose 2*a - 2*y + 248 = y, -f*a + 2*y = 367. Let w = a + 245. What is the tens digit of w?
2
Let z be 6 + -7 + 1 + 37. Let m = z - 28. Let v = 6 + m. What is the units digit of v?
5
Suppose -9 = -f - h, h = -f - 3*h + 9. Suppose -c + 0*c + f = 2*v, 2*v + 2*c - 4 = 0. Let n(a) = 3*a**2 + 2*a + 8. What is the units digit of n(v)?
9
Suppose 0 = f + 3*q - 7 + 6, -4*q = 4*f - 44. What is the hundreds digit of (19492/176)/(2/f)?
8
Let f = 2279 - 584. What is the thousands digit of f?
1
Let p(m) = -m**3 - 16*m**2 - 16*m - 10. Let v(q) = q - 1. Let l(k) = -p(k) - 3*v(k). What is the hundreds digit of l(-4)?
1
Suppose -2 = 11*u - 24. What is the tens digit of 257 - u/(5/(-8 - -3))?
5
Let d be (-1026)/(-135) + 16/(-10) + 1. Suppose -3*k - 3*s = -1257, -d*s + 9*s = -5*k + 2092. What is the units digit of k?
8
Suppose 34 = 3*k - 4*m, 4*k = -0*k - 5*m + 4. Suppose 14 = 5*v - p, k*v + 5*p - 20 = v. Suppose -5*c + 391 = l - 91, v*l = -9. What is the units digit of c?
7
Let h(p) = p**3 + 9*p**2 + 7*p - 3. Let y be h(-8). Let b(f) = 1 + 8*f + 6*f**2 - 26 - 3*f**2 + 3. What is the units digit of b(y)?
3
Let j(l) = l**2 + 30*l - 18. Let r be -42 + 4*(-2)/8. What is the hundreds digit of j(r)?
5
Let j be 2/3 + (-5)/(-15). Let s be 2 + -6 + j*7. Suppose 0 = -s*a, 5*a + 54 = w + 2*w. What is the units digit of w?
8
Let y(q) = q - 25. Let h = -53 - -69. Let x be y(h). What is the units digit of 32/(-24) - 2199/x?
3
Suppose 139*h - 30*h - 8